ose -22 = 3*u - w. What is the greatest common factor of u and 9?
9
Suppose x + 2*i = -0*x + 42, -2*x = 2*i - 76. Let z = 64 - x. What is the greatest common divisor of z and 45?
15
Let q(h) = h**2 + h + 3. Let p be q(0). Let j be (4 - 56/12) + 130/6. Calculate the greatest common divisor of p and j.
3
Let f(i) = -i - 8. Let z be f(-11). Suppose -5*d = w - 41, -65 = -3*w - z*d - 2. Calculate the greatest common factor of w and 16.
16
Let w be (-472)/(-24) - (-1)/3. Suppose -w = -4*b + 320. Let u = b - -83. What is the highest common factor of 21 and u?
21
Suppose 4*l = -l - 20. Let z be 10/l*(-51 - -1). Suppose 6*d - z = d. Calculate the highest common divisor of 5 and d.
5
Suppose -5*u + 21 = 2*a, 0 = 3*a - 4*u + 2*u - 3. Suppose 4*g - q = 47, -2*q = a*g + q - 39. What is the greatest common factor of g and 132?
12
Let z be 2 + -1 + 1 + -1. Let r be 30 - 0*(-2 - -1). Let l be r/9*(-3)/(-2). What is the greatest common divisor of z and l?
1
Let f = 108 + -43. Let z = -15 + 28. What is the greatest common factor of z and f?
13
Let h = -29 + 17. Let k be (-4)/h - (-71)/3. What is the greatest common factor of 4 and k?
4
Let j be (-8)/(-36) + (-21)/(-27). Calculate the greatest common factor of 5 and j.
1
Let s be 2*(30/4 + -1). Let i(v) = 14*v**3 - 2*v**2 + v. Let n be i(1). Calculate the highest common factor of s and n.
13
Let j(a) = -3*a - 3 + a - 13*a. Let x be j(-3). What is the greatest common factor of x and 14?
14
Suppose 0 = y + 2, -3*y - 11 = -2*t + 9. Suppose -3*l - 3*p = 0, 4*l - p + t - 17 = 0. Calculate the greatest common divisor of l and 14.
2
Let v = -113 + 116. Calculate the highest common divisor of 7 and v.
1
Suppose 0*c = 3*c. Suppose c = -4*w - 0*w + q - 318, 0 = 5*w + 3*q + 389. Let g = w + 135. Calculate the greatest common divisor of 8 and g.
8
Let k = 248 - 115. What is the greatest common divisor of 19 and k?
19
Let i = -23 - -47. What is the highest common divisor of i and 36?
12
Let b be (-4 - 8)/((-12)/8). What is the highest common factor of b and 40?
8
Let x(h) = 2*h**3 - 5*h**2 + 3*h - 4. Let l be x(3). Suppose 3*m + 5*y - 78 = 80, m = -4*y + 48. What is the highest common divisor of m and l?
14
Let r(c) = 5*c**3 - 1. Let i be r(1). Suppose -3*h = -i*a + 81, -2 + 30 = 2*a - 4*h. Calculate the highest common factor of 12 and a.
12
Let m(z) = 0*z - 5 + z - 4*z + 1 + 5*z**2. Let g be m(4). Calculate the greatest common factor of g and 16.
16
Let z(c) = 7*c**2 - 4*c - 3. Let n be z(-2). Calculate the greatest common factor of 132 and n.
33
Let c = -20 + 33. Let v be (4/(-6))/(4/(-156)). Calculate the highest common divisor of c and v.
13
Let f(d) = 24*d**3 - d**2. Let x be f(1). What is the highest common factor of x and 46?
23
Suppose 2*n - 5*n + 30 = 2*y, 0 = -2*n - 2*y + 22. Let o = 2 + -14. Let t be (o/5)/((-2)/10). What is the highest common divisor of t and n?
4
Suppose 101 = -4*b + 8*b + y, -b - 2*y + 34 = 0. Calculate the greatest common factor of 3 and b.
3
Suppose -5*l + 109 = 3*i, 5*l - 3*i - 34 - 57 = 0. Let r = -9 + 13. Calculate the greatest common divisor of r and l.
4
Let m be ((-6)/(-6))/(1/2). Let s = m + -4. Let b be 1196/12 + s/3. What is the greatest common divisor of b and 11?
11
Let p(s) = 4*s**2 + 2*s + 2. Let h be p(-1). Let x(b) = -b**2 - 5*b + 4. Let q be x(-5). Calculate the greatest common factor of h and q.
4
Let a = -14 - -63. Suppose 5*n - 29 = -4*c, 4*n - 24 = -0*c - 4*c. Suppose 3*r + 15 = -0, -n*r - 4 = 3*s. Calculate the highest common divisor of a and s.
7
Let w(t) = -t + 57. Let j be w(0). Suppose j - 7 = 5*a. Let i be a/60 - 118/(-12). What is the greatest common factor of 2 and i?
2
Let i(y) = y**3 - y**2 + 24. Let f be i(0). Suppose 4*o = 5*d - 280, -2*d = 3*o + 93 - 228. What is the greatest common factor of d and f?
12
Let b be -1*(-2 + -3)/1. Suppose 0 = -2*l - 5 + 67. Suppose b = -u + l. What is the highest common factor of 65 and u?
13
Suppose -4*z + 5*y = 59, -4*z + 3*y = -2*z + 31. Let g = 11 + z. Suppose 2*j + g*j = 22. What is the highest common divisor of j and 11?
11
Let l be (144/15)/(6/20). What is the greatest common divisor of 8 and l?
8
Let s = -75 - -117. What is the highest common factor of s and 14?
14
Let j(d) = -d**3 + 9*d**2 - 11*d + 4. Let c be j(7). Let a be (-1)/3 + 33/(-9). Let q be (10/(-4) - 0)*a. Calculate the highest common factor of q and c.
5
Let a(h) = 7*h - 2. Let z(i) = -6*i + 1. Let l(j) = 3*a(j) + 4*z(j). Let g be l(-6). Calculate the highest common factor of g and 24.
8
Let c = 56 + -36. Suppose 2*f + 4*y - c = 0, -y + 94 = 5*f + 17. What is the greatest common divisor of 16 and f?
16
Let g = -4 - -9. Suppose g*r - 5*j = 230, -3*j - 238 = -5*r - 0*r. Calculate the highest common divisor of 10 and r.
10
Let m(a) = 153*a + 2. Let d be m(1). What is the highest common factor of 31 and d?
31
Let z = -25 + 5. Let u = -51 + 38. Let c = u - z. Calculate the greatest common factor of c and 7.
7
Let b be (0 - -1)/(-1) + 5. Suppose 3*j - 8 - 6 = h, -b = -4*h. Suppose 605 = -0*u + j*u. What is the greatest common divisor of u and 11?
11
Suppose x - 6 = -3. Suppose 0 = 4*j - 0*j - 4. Suppose -d + j = -0*d. Calculate the highest common divisor of d and x.
1
Let w(b) = -120*b**2 + 2*b + 1. Let g(x) = -599*x**2 + 11*x + 5. Let t(k) = 2*g(k) - 11*w(k). Let h be t(1). What is the highest common divisor of h and 11?
11
Let c(w) = w + 5. Let k be c(3). Calculate the highest common factor of 28 and k.
4
Suppose 2*h - 22 = 3*t, 2*t - 5*t - h = 16. Let q = t + 11. Calculate the highest common divisor of q and 25.
5
Let c = -23 - -71. Let r(t) = 73*t**3 - t**2 - t + 1. Let d be r(1). What is the greatest common divisor of c and d?
24
Let s(j) = -3*j. Let a be s(-2). Let u(g) = 58*g + 6. Let n be u(3). Suppose -n = f - 7*f. What is the greatest common divisor of a and f?
6
Let h(q) = q**3 + 6*q**2 - 7*q + 7. Let o = -2 - 5. Let l be h(o). Calculate the highest common divisor of 77 and l.
7
Let d be 3/(3/50)*2. Suppose -44 = -f - 2*n, -5*f + 128 = -2*f + 4*n. Suppose k - f = -3*k. Calculate the highest common divisor of k and d.
10
Suppose -3*h + 5*a = -95, -29 = -h - 0*h + a. Calculate the greatest common divisor of 10 and h.
5
Let t = 8 + 1. Suppose -3 = -w - 0*w. Calculate the highest common divisor of t and w.
3
Suppose -25 = 5*h + 25. Let y = h - -15. Suppose 3*g - 2*d - d = 45, 0 = -4*g + 3*d + 65. What is the highest common factor of y and g?
5
Let j(o) = -3*o**2 + 0*o**3 - 9*o**2 - o**3 + 5. Let i(z) = 12*z. Let s be i(-1). Let m be j(s). Calculate the greatest common factor of 55 and m.
5
Let c = 24 + -15. What is the greatest common divisor of 27 and c?
9
Suppose -5*a = d + 9, 3*d - 3*a = -0*a + 27. Suppose -5*h + 13 = -17. Calculate the highest common divisor of d and h.
6
Let u(p) = -2*p**2 - 3*p - 3. Let q be u(-3). Let c = q + 26. What is the greatest common factor of 112 and c?
14
Suppose -5*r = -9*r - 192. Let l be (r/18)/((-1)/3). Let f = l + 46. What is the highest common factor of f and 36?
18
Let c be -4 - -7 - (3 - 1). Let q = c + 0. What is the highest common factor of 6 and q?
1
Let f = 21 + -16. Calculate the greatest common factor of f and 20.
5
Suppose -51 = -2*n + 13. What is the greatest common divisor of n and 96?
32
Let j = 5 - -5. Let r = -4 - -29. Calculate the greatest common factor of r and j.
5
Let c(j) = j**2 - 5*j + 2. Let h be c(6). Calculate the highest common factor of h and 2.
2
Let c be 652/6 - (-24)/(-36). Calculate the highest common factor of 24 and c.
12
Suppose -2*r - 17 = -m, -10*m + 6*m + 4*r = -80. Calculate the highest common divisor of 253 and m.
23
Suppose 0 = 5*d + 3*s - 85, -3*d = 5*s - 24 - 11. Let m be 2*(0 - 1*-10). What is the highest common divisor of d and m?
20
Suppose -3*r + a + 22 = -44, 0 = -2*a + 6. What is the highest common divisor of 207 and r?
23
Let j be -20*1/((-15)/6). Calculate the greatest common factor of j and 4.
4
Let l be (8/(-28))/((-3)/63). Calculate the greatest common factor of l and 48.
6
Suppose 121 + 95 = 3*d. Let f be 44/10 - (-2)/(-5). Suppose -u + f*u = d. What is the highest common factor of 3 and u?
3
Let x = -13 - -21. Calculate the highest common factor of 72 and x.
8
Let x = -119 + 47. Let w = -47 - x. Calculate the highest common divisor of w and 250.
25
Let c be 8/